- 2. Suppose w - 19 = -2*l - 0*l, -47 = -3*w - l. Let r = -18 + w. Let x be u(r). Calculate s(x).
10
Let v(p) be the third derivative of p**5/60 + p**4/4 - 3*p**3/2 - 55*p**2. Let z = 16 - 23. Determine v(z).
-2
Suppose 0 = 3*h + 3*h - 36. Let w(r) be the second derivative of -r**5/20 + 7*r**4/12 - 5*r**3/6 - 5*r**2/2 - 5*r. What is w(h)?
1
Let t(q) = q**3 - 7*q**2 - 9*q + 10. Let h be t(8). Let y(o) be the first derivative of 3*o - 3/2*o**2 + 1. Give y(h).
-3
Let k be 0 + (8 - 1 - 2). Let h(j) = 0*j + 2*j**2 - 2*j - 7*j**2 + j**3 + 5. Determine h(k).
-5
Let x(s) = s**3 - 2*s**2 - 4*s - 1. Let n be 0*3/(-1 - 2). Let m = 0 + 5. Suppose 4*c + 2*v = 10, -5*c + 20 = -m*v - n*v. What is x(c)?
-4
Let b(t) = -t**3 - 2*t - 2 + 48 + 5*t - 6*t**2 - 62. Give b(-7).
12
Let a(n) be the second derivative of -n**4/12 + n**3 - 2*n**2 - n - 31. Calculate a(4).
4
Let c(i) be the first derivative of i**2/2 + i + 4. Let j be c(-2). Let z(u) be the third derivative of -3*u**6/40 + u**4/12 + u**3/6 - 23*u**2 + u. Give z(j).
8
Let p(z) = -3*z**3 - 24*z**2 - 14*z - 27. Let l(u) = u**3 + 8*u**2 + 4*u + 9. Let a(q) = 8*l(q) + 3*p(q). What is a(-7)?
12
Let j(k) = k**2 - 23*k + 46. Suppose 3*w - 5*n = 83, 4*w - 64 = -3*n - 2*n. Let z be j(w). Let h(a) be the third derivative of a**4/24 + a**2. Determine h(z).
4
Let v(w) = -w**2 - w + 2. Let r be 3/(-12)*10 + (-3)/6. Let a(k) = -2. Let d(g) = r*a(g) - 2*v(g). Calculate d(-2).
6
Let g(y) = 0*y**2 + y**3 + 2*y - 3 - 1 - 5*y**2. Suppose -6*j + 24 = -228. Let o be (-32)/(-7) - (-18)/j. Give g(o).
6
Let p be (-8)/(-10) + (-42)/(-10). Let z be p + 3 + (-2)/1. Let v(a) = -a**2 + 3*a + 14. What is v(z)?
-4
Let j(m) = m - 13. Let p = 66 - 69. Let q be (-4)/((-5)/(-30)*p). Give j(q).
-5
Suppose 0 = -4*w + 86 + 62. Suppose w = 2*x + x + 5*m, -5*m + 41 = 4*x. Suppose x*c + 2*g - 2 + 14 = 0, -g = 0. Let l(k) = -k**3 - 3*k**2 - 3*k. Determine l(c).
9
Suppose 68 + 137 + 11 = -36*u. Let h(k) be the first derivative of k**3/3 + 7*k**2/2 + 1. Give h(u).
-6
Suppose 3*a + 4 = -2*d, d = 2*a + 3*d. Let o(q) = 4*q + 5. Let r(y) = 20*y + 26. Let b(l) = -11*o(l) + 2*r(l). What is b(a)?
13
Let m(w) = -5 - 2*w - w**3 + 7*w**2 - 4*w + 1. Let i be (12/(-9))/((-4)/18). Give m(i).
-4
Let t(d) be the first derivative of 3*d - 27 + 5/3*d**3 - d**2 + 1/4*d**4. What is t(-5)?
13
Let a(z) = 1 + z**2 - 5 - 2 - 5*z. Suppose -d - h - 4 = -4*d, 0 = 4*d + h - 17. Suppose -d + 63 = 12*g. What is a(g)?
-6
Let l(r) be the first derivative of -r**4/4 - 5*r**3/3 + r**2 - 20*r + 16. Let y be l(-6). Let h(m) = m**2 - 6*m + 2. Give h(y).
-6
Let p = -186 - -194. Let o(c) be the first derivative of -2*c**2 + 2/3*c**3 - p + 5*c + 1/4*c**4. What is o(-4)?
-11
Let h(f) be the second derivative of -f**3/6 + 7*f**2/2 + 31*f - 1. Determine h(13).
-6
Suppose 4*j = 0, -c + 3 = 2*j - 4. Suppose 3*s + 3 = 2*s, -2*m + 5*s = -c. Let p(d) = -2*d**2 - 4*d + 3. What is p(m)?
-13
Let g(c) = -2*c**2 + 11*c - 7. Let x be ((-30)/(-12))/(1/2). What is g(x)?
-2
Let l(s) = 2 + s - 2 - 1. Let r = -44 - -49. Suppose g - r*u = 5*g + 13, 17 = 4*g - u. What is l(g)?
2
Let k = -8 - -5. Let b(s) = -1 + 10 - 7 + 6*s + 0*s - 3. Determine b(k).
-19
Let m(o) = -o**2 + 6*o + 7. Let j be 10/5*((-1)/2 + 2). Suppose 0*l = j*l - 9, -10 = -w - l. Determine m(w).
0
Suppose -2*v + 2 = -v. Let r(n) = 0*n**2 + 2*n**2 - 6 + 0*n**2 - n**v. Give r(0).
-6
Let t(p) be the first derivative of -p**6/120 - p**5/10 - p**4/24 - 2*p**3/3 - 9*p**2/2 - 10. Let c(b) be the second derivative of t(b). What is c(-6)?
2
Let c(a) = -a**3 - 2*a**2 - 16*a - 10. Let m(p) = p**2 - 2*p. Let n(d) = c(d) - 6*m(d). Give n(-8).
22
Let z(m) = -10*m**3 + m**2 + m - 1. Suppose -1587*q = -1586*q - 1. Give z(q).
-9
Suppose 12 = -12*z + 16*z. Suppose -z*t - 3*t = 36. Let r(d) = d**3 + 6*d**2 + 1. Calculate r(t).
1
Let w(q) = -4*q**2 + 2 + 5*q**2 - 4*q + 3*q + 2*q. Calculate w(0).
2
Let c(i) be the second derivative of -7*i + 1/12*i**4 + 8*i**2 + 0 + 0*i**3. Let d be 0/((-2 - 0) + 3). Determine c(d).
16
Suppose 0 = 5*a - h + 46, -h - 3*h = 16. Let i(t) = -t**3 - 10*t**2 - t - 11. Calculate i(a).
-1
Let x(y) = 4*y + 0 + 11*y**2 - 9*y**2 - 1 + 0. What is x(-4)?
15
Let a be (1 - (7 + -3))/(12/(-8)). Let h(s) = -2*s + 14*s**a - 6*s**2 + 2 - 9*s**2. What is h(-5)?
-13
Let v = 25 - 12. Let r = 15 - v. Let x(s) = -2*s**2 + s - 2. What is x(r)?
-8
Let n(u) = u**2 + 2*u - 3. Let l(c) = 1. Let i(t) = 12*l(t) + 3*n(t). What is i(-4)?
27
Suppose -43 = -4*r + 197. Let t(y) be the first derivative of y**2 - 60*y + 10 + r*y. Give t(3).
6
Let x(s) = -s**3 - 6*s**2 - 4*s. Let u be 45/(-7) + (-12)/21. Let v = u + 3. Give x(v).
-16
Let i(y) be the second derivative of -3*y + 0 + 1/6*y**3 + 17/12*y**4 + 1/2*y**2. Determine i(-1).
17
Let p(y) = -2*y**2 - 2*y - 1. Let l(h) = 4*h - 16. Let m(k) = 7*k - 31. Suppose 2*b + 5 - 11 = 0. Let d(u) = b*m(u) - 5*l(u). Let a be d(10). Give p(a).
-13
Let r(a) = 23*a - 54*a + 15*a - 37 + 13*a. Calculate r(-12).
-1
Let r(l) = 49*l - 4. Let m(u) = -60*u + 5. Let a(w) = -3*m(w) - 4*r(w). Give a(-1).
17
Let z(n) = 3*n**2 + 45 - 22 + n - 18 + 0*n**2 - 2*n**2. Let b be 4/6 + (-16)/(-3). Suppose 0 = -b*c + 2*c. What is z(c)?
5
Suppose v = 4*n - 15, 2*n - 21 = -n + 4*v. Let m(y) = y**3 - 8*y - 9*y + 1 + 20*y + n*y**2 - 2*y. Determine m(-4).
-19
Let k(s) be the second derivative of -1/4*s**4 + 0 + 4*s + 1/2*s**3 + 3/2*s**2. Determine k(3).
-15
Let c(g) = 7*g + 22. Suppose 234*w - 209*w + 225 = 0. Give c(w).
-41
Let i(v) = v**3 + 3*v**2 - 14*v - 16. Let x be i(-5). Let r(q) be the second derivative of 1/20*q**5 + 5/12*q**x + q**2 + 0 + 7*q + 1/2*q**3. What is r(-4)?
6
Let g(i) = -i**3 - 2*i**2 + 2. Let b be g(-2). Suppose -2*y = -2*c + 8, 4 - b = y - 3*c. Let w(l) be the first derivative of l**2/2 + 8*l + 182. Calculate w(y).
1
Let j = 72 - 72. Let b(w) = -5*w**3 - 12*w + 5 + 11*w + 0*w**3 + 4*w**3. Calculate b(j).
5
Let y = 180 + -190. Let s(t) = -t**3 - 9*t**2 + 12*t + 14. Calculate s(y).
-6
Suppose -5*k + 4*k = 0. Let o(v) = -v - 424 + 136 + 151 + 140. Give o(k).
3
Let q(y) be the second derivative of y**3/6 + 8*y + 1. Let j = -14 - -20. Let d be 3/j*0 + -2. What is q(d)?
-2
Suppose -4*t + c + 21 = 3, 2*c = t - 8. Let s(r) = -1 + t - r + 0*r. Suppose 11*h + 22 = 44. Determine s(h).
1
Let w = 60 - 57. Suppose -26 + 14 = -w*f. Let l(v) = -v**2 + 3*v + 2. What is l(f)?
-2
Let y(x) = 3 + 5*x + 3 + 7*x + 7*x - 20*x. Give y(17).
-11
Let v = 99 - 100. Let f(q) be the third derivative of -q**4/24 - q**3/6 + 6*q**2. Give f(v).
0
Let a(x) = x**2 - 13*x + 1. Let u(n) = -9*n + 49. Let m be u(4). Determine a(m).
1
Let n(j) = j**3 + j**2 - j - 5. Let d(p) = -2*p + 12. Suppose 6*r = r + 30. Let s be d(r). What is n(s)?
-5
Let h(r) = 0 + r**2 - 9*r + 2 + 4. Suppose 0*m - 16 = -4*m. Let n be 0 - -2 - (0 - m). Give h(n).
-12
Let q = 8 - 3. Let a(k) = -3*k**2 - 24*k + 14. Let x(f) = -5*f**2 - 37*f + 21. Let g(r) = -8*a(r) + 5*x(r). What is g(q)?
3
Suppose -6*j + 12 = -0*j. Suppose -j*g + 20 = 36. Let c(b) = b**3 + 8*b**2 - b - 6. What is c(g)?
2
Suppose -5*w - g = -0*w + 11, w + 2*g - 5 = 0. Let s(x) = x**2 + x - 2. Let r be s(w). Let b(j) = -j**3 + 2*j - 6*j**2 + 3*j**2 - 3 + r*j**2. Determine b(2).
-3
Suppose -143*g + 138*g = 25. Let s(c) = -c**3 - 5*c**2 + 1. Give s(g).
1
Let d(b) = b**2 + 9*b + 2. Let y(f) = 6*f - 98. Let k be y(15). What is d(k)?
-6
Suppose -3*r = -2*w - 57, -8*r + 4*r + 5*w + 69 = 0. Let i be (30/r)/(12/42). Let n be i/2*2/5. Let j(k) = k + 1. Determine j(n).
2
Let l(f) = f**2 + 1. Let h(y) = 6*y + 7. Let d(c) = -5*c - 7. Let p(m) = -7*d(m) - 6*h(m). Let a be p(7). Determine l(a).
1
Let i(z) = z**2 + 16*z - 24. Let p be i(-17). Let b(s) = 5*s - 16. Let m(c) = 11*c - 33. Let a(o) = -13*b(o) + 6*m(o). What is a(p)?
3
Let d(q) = -2*q**2 + 8*q + 4. Let u(y) = 2*y**3 + 6 - 3*y**3 + 2*y**3 - 10*y**2. Let m be u(10). What is d(m)?
-20
Let b(n) = n**3 - 9*n**2 - 10*n - 11. Let l(p) = p**3 - 7*p**2 - 16*p - 130. Let x be l(10). Give b(x).
-11
Suppose 3*d - 24 = -d - 3*a, 4*a = -4*d + 28. Suppose -4*g = i - 10, -2*g + g = d*i - 8. Let t(h) = 2*h - h**2 + 5 - 2 - 2. Determine t(g).
1
Let o(f) = f**3 - 3*f + 1. Let u be (45/75)/(1/5). Calculate o(u).
19
Let f(b) = -2*b**3 - 17*b**2 + 17*b - 6. Let d(p) = p**3 + 9*p**2 - 10*p + 4. Let l(m) = -